se 3
101120121112
Convert -101102021 (base 4) to base 13.
-262b8
Convert -1531215 (base 7) to base 8.
-630674
Convert -224520355 (base 7) to base 12.
-4725304
Convert 7134413 (base 8) to base 16.
1cb90b
Convert 439ad (base 14) to base 6.
3302221
What is -2110121202020 (base 3) in base 13?
-36bb14
-2324653 (base 7) to base 4
-1013112001
What is 1232214 (base 6) in base 12?
3266a
What is 1119680 (base 12) in base 10?
3272064
Convert -34570 (base 9) to base 10.
-23067
Convert 44255043 (base 8) to base 5.
4414311140
Convert 412243242 (base 5) to base 13.
46b223
What is -80c68 (base 15) in base 11?
-259426
4b921 (base 12) to base 4
121031221
-1259255 (base 10) to base 14
-24acab
614604 (base 8) to base 6
4204244
Convert -76533 (base 13) to base 4.
-310033230
Convert -4406015 (base 7) to base 9.
-1012532
-504652 (base 15) to base 8
-16424732
What is -2f5ec (base 16) in base 8?
-572754
Convert -4043034 (base 5) to base 10.
-65394
-31520411 (base 6) to base 8
-3424527
1221310320 (base 4) to base 6
13142440
1102201121202 (base 3) to base 9
1381552
What is -11215215 (base 6) in base 10?
-344603
7633413 (base 9) to base 3
21201010110110
Convert daf8 (base 16) to base 6.
1111304
Convert 21225535 (base 6) to base 2.
10011000110100100011
Convert -10101011110000 (base 2) to base 15.
-33cc
Convert -4135345 (base 6) to base 9.
-333602
198042 (base 11) to base 4
1022012122
What is 11222114 (base 5) in base 11?
6a314
1234530 (base 10) to base 5
304001110
What is -3396310 (base 10) in base 9?
-6345767
What is -1067d (base 14) in base 16?
-9b17
2a5416 (base 13) to base 14
1d0d6c
Convert 25241544 (base 7) to base 15.
300499
What is -20b01c2 (base 13) in base 11?
-5699214
Convert 3ec7a (base 16) to base 6.
5302254
Convert 27dd34 (base 15) to base 6.
105052434
What is 60a5 (base 16) in base 10?
24741
What is 14531553 (base 7) in base 6?
45412403
34a01 (base 11) to base 10
50458
-2624623 (base 7) to base 2
-1010011101001100001
Convert 1100001101001100001 (base 2) to base 9.
668580
-431252 (base 7) to base 15
-172de
-8303a66 (base 11) to base 2
-110111111011010100110100
Convert -1147d (base 16) to base 12.
-34b65
Convert -12174434 (base 8) to base 3.
-12001102102022
Convert -48dd (base 14) to base 5.
-401424
Convert -4313000 (base 5) to base 3.
-10200222002
-1137db (base 15) to base 7
-6662141
-224221100 (base 5) to base 2
-11110110000000100010
2317c3 (base 13) to base 5
203104213
Convert -74852 (base 10) to base 8.
-222144
-11512530 (base 6) to base 16
-59b26
Convert 101101111011100010 (base 2) to base 4.
231323202
1252153 (base 7) to base 6
3303241
Convert 4108694 (base 11) to base 8.
33541224
43313220 (base 5) to base 4
1122102102
What is -10132557 (base 10) in base 6?
-1001101553
What is 22337 (base 10) in base 2?
101011101000001
Convert 8624 (base 11) to base 9.
16566
267213 (base 10) to base 7
2162022
Convert -113105344 (base 6) to base 2.
-1000000010110001100000
1100111010011100110100 (base 2) to base 7
40526133
What is -77cb0 (base 13) in base 8?
-650605
Convert -761772 (base 8) to base 15.
-50830
What is -37657280 (base 9) in base 14?
-2647cd8
Convert 16bb09b (base 12) to base 10.
4726199
What is -11716151 (base 10) in base 3?
-211001020112112
What is ac6cb (base 14) in base 11?
266423
Convert -2101211220222 (base 3) to base 13.
-358ca6
What is -16bb8 (base 16) in base 10?
-93112
What is 13111120 (base 5) in base 12?
62726
Convert -27262 (base 11) to base 6.
-500045
2001001021220 (base 3) to base 5
234133012
-1000122121221 (base 3) to base 6
-15355511
-5c21 (base 15) to base 16
-4c96
What is 1597569 (base 14) in base 13?
2267a33
-1873b (base 15) to base 12
-39a48
Convert -10344061 (base 7) to base 12.
-368187
What is -332100123 (base 4) in base 5?
-31130003
-1913a2 (base 13) to base 11
-3a1239
What is -46a37 (base 16) in base 4?
-1012220313
-1010001101111101111 (base 2) to base 9
-560264
What is 34132443 (base 6) in base 15?
157b69
-111001111110101110101 (base 2) to base 4
-13033311311
124525245 (base 6) to base 16
25ab9d
Convert -1402402 (base 7) to base 8.
-552641
What is -5335432 (base 7) in base 2?
-10011110001001111011
Convert 3030020 (base 4) to base 14.
4a92
42223243 (base 5) to base 3
122212102212
What is -39b430 (base 12) in base 14?
-1ab2cc
What is 421101 (base 8) in base 11?
96079
-10101001000111001111000 (base 2) to base 4
-111020321320
What is 38c007 (base 14) in base 5?
1000004420
-1421606 (base 7) to base 2
-101110011101110010
What is 78b64d (base 14) in base 7?
46610426
-19be7f (base 16) to base 2
-110011011111001111111
Convert -3144040313 (base 5) to base 14.
-c4742b
Convert 180f78 (base 16) to base 7.
16255104
Convert 12804032 (base 10) to base 14.
19b429a
Convert -8ada8 (base 14) to base 7.
-2603601
What is 52a3a6 (base 14) in base 5?
1203403001
Convert 14215504 (base 6) to base 9.
817754
What is 11251100 (base 6) in base 14?
911da
What is 3ccb9 (base 15) in base 9?
326743
What is -114111363 (base 7) in base 2?
-11011000000001100011011
What is 321221231 (base 4) in base 7?
2002313
Convert 12303423 (base 7) to base 13.
2cb605
633627 (base 9) to base 12
161b97
Convert b33921 (base 14) to base 5.
3021310322
-7af4d (base 16) to base 15
-9e354
Convert 20775126 (base 9) to base 16.
99079e
What is -4054255 (base 6) in base 9?
-325188
What is -1b7bc (base 14) in base 15?
-15bad
What is 122210020222 (base 3) in base 6?
11300512
104320433 (base 5) to base 4
1301033330
Convert 21596 (base 10) to base 15.
65eb
What is -1303240142 (base 5) in base 16?
-308880
What is 290351 (base 11) in base 15?
8e910
Convert -22233122 (base 4) to base 7.
-242156
Convert 202020101200121 (base 3) to base 15.
e268aa
What is -90dc89 (base 14) in base 15?
-665776
18b91 (base 14) to base 15
1386b
What is 113152132 (base 7) in base 4?
122211313231
-179d43 (base 15) to base 3
-2011021112200
Convert -1c97b9c (base 14) to base 16.
-daf94e
Convert 123334000 (base 5) to base 4.
2103310330
22012010222101 (base 3) to base 2
10000100110101101001010
Convert -203243110 (base 5) to base 16.
-cc6a0
-9679 (base 12) to base 5
-1012014
21a5a (base 14) to base 11
56357
What is 1a56768 (base 11) in base 10?
3464183
What is -110101011011000 (base 2) in base 14?
-9d7a
What is c7750 (base 14) in base 8?
1654552
What is 33564361 (base 8) in base 7?
115532143
4517550 (base 10) to base 12
161a3a6
798ae (base 16) to base 12
200126
What is -130221013 (base 5) in base 4?
-2122130321
Convert 248a574 (base 13) to base 11.
647a687
What is 3204243 (base 8) in base 13?
23ba41
Convert 1034332231 (base 5) to base 15.
2ea161
-4142501 (base 6) to base 2
-110000111000000101
What is 10211212121120 (base 3) in base 6?
111453323
68880 (base 15) to base 13
b8560
What is 993716 (base 12) in base 5?
1110313242
-4c7227 (base 15) to base 5
-1414402422
-120121211101 (base 4) to base 11
-3679655
Convert -27d6b0 (base 14) to base 4.
-11101102322
Convert -1707a74 (base 12) to base 10.
-4741432
-bd946 (base 14) to base 12
-1a22b6
What is 1001110010010010 (base 2) in base 6?
505322
-13be99 (base 16) to base 3
-2102202000002
Convert 2012222102021 (base 3) to base 7.
13014565
-12121112002220 (base 3) to base 10
-2982417
Convert 4312696 (base 10) to base 4.
100130321320
-7552 (base 16) to base 8
-72522
Convert -100000100011000111 (base 2) to base 14.
-3682b
Convert -441749 (base 10) to base 12.
-193785
634632 (base 7) to base 10
109734
What is 354673 (base 9) in base 15?
43380
What is 1200220213 (base 4) in base 16?
60a27
1010110110011100 (base 2) to base 4
22312130
What is 1022500 (base 7) in base 9?
207221
-20444044 (base 5) to base 3
-22201122000
What is 1530446 (base 7) in base 4?
303003131
What is 42403300 (base 6) in base 15?
198ce6
38403 (base 14) to base 13
4aa65
Convert -3421130 (base 5) to base 11.
-41744
Convert 5242161 (base 9) to base 4.
22230113011
1c2c74 (base 14) to base 3
1220011000100
What is -1971de (base 16) in base 6?
-55424050
Convert 131961 (base 10) to base 7.
1056504
Convert 7a23f1 (base 16) to base 8.
36421761
-11100022021 (base 4) to base 12
-5649a1
480245 (base 12) to base 2
100011011100101010101
What is -100201000100121 (base 3) in base 13?
-10b7501
Convert -111000111100110000000 (base 2) to base 15.
-26cdc7
What is -24523406 (base 7) in base 9?
-4134415
Convert -3235b (base 12) to base 7.
-3636